t is 2000 - 1?
1666
In base 9, what is -105 - -25444?
25338
In base 9, what is -20701464 - 1?
-20701465
In base 7, what is -51006261 + 1?
-51006260
In base 15, what is -2 + -395b?
-395d
In base 13, what is -4 + 21c513?
21c50c
In base 9, what is 1 - -10831?
10832
In base 3, what is -120200102 - 1000?
-120201102
In base 2, what is 100101100011100 - -101?
100101100100001
In base 4, what is 13323 + 10133?
30122
In base 13, what is 5 + -9345?
-9340
In base 4, what is 311220322 + -1?
311220321
In base 2, what is 1011111100 - 110?
1011110110
In base 13, what is -1c583 - 5?
-1c588
In base 4, what is 1313102 + -21?
1313021
In base 13, what is 13 + 22c?
242
In base 6, what is 14 - 220504?
-220450
In base 3, what is -2122000201 + 2?
-2122000122
In base 12, what is 1b29b + -5?
1b296
In base 14, what is -c5 + 70?
-55
In base 14, what is 3 + -5c20?
-5c1b
In base 7, what is -361 - 5?
-366
In base 14, what is -11857 - -3?
-11854
In base 15, what is 2e + -dce?
-da0
In base 6, what is -1204 + -444?
-2052
In base 3, what is 12122201 - -101?
12200002
In base 7, what is -32 + -66226?
-66261
In base 15, what is -3ec - 4?
-401
In base 13, what is -5 + 55?
50
In base 14, what is 2a1546 + 2?
2a1548
In base 3, what is -1101012001 + -10?
-1101012011
In base 5, what is -101213 + 1212?
-100001
In base 14, what is 751d + 3?
7522
In base 10, what is -1510 - 48?
-1558
In base 8, what is 30157 + -13?
30144
In base 10, what is -322612 - -7?
-322605
In base 15, what is 0 - -3792?
3792
In base 11, what is 7 - 12293?
-12287
In base 11, what is -112 + 35a?
248
In base 16, what is -36 + -330?
-366
In base 7, what is -140262 - -4?
-140255
In base 4, what is -221320 - -33?
-221221
In base 9, what is 257361 - 5?
257355
In base 8, what is -2312 - -1147?
-1143
In base 5, what is -240403403 + 10?
-240403343
In base 12, what is 42 - 88?
-46
In base 5, what is 4 - 13321014?
-13321010
In base 16, what is 1316 + -5?
1311
In base 12, what is 4 + 55754?
55758
In base 3, what is 11 - -1000012010221?
1000012011002
In base 3, what is 2102211 + -20022?
2012112
In base 15, what is -4 + -1568e0?
-1568e4
In base 7, what is -103632 + -1?
-103633
In base 8, what is 34576 + 0?
34576
In base 12, what is -5218 + 5?
-5213
In base 14, what is 5d + 6a4?
723
In base 9, what is 10335 - 8?
10326
In base 5, what is 3203 + 1213?
4421
In base 9, what is -122002 - -45?
-121846
In base 10, what is 15 - 10620?
-10605
In base 9, what is -885 - -68?
-816
In base 9, what is -21 + 386113?
386082
In base 4, what is 32 - 101310?
-101212
In base 7, what is 23503616 + 1?
23503620
In base 3, what is 0 - 1002022100?
-1002022100
In base 2, what is -1011100101001000111 - -10?
-1011100101001000101
In base 14, what is -3b817 - -7?
-3b810
In base 11, what is 4216 + 3?
4219
In base 7, what is -233 + 2011?
1445
In base 8, what is -2277662 - 4?
-2277666
In base 3, what is -20220110022 - -11?
-20220110011
In base 9, what is 1872 - -460?
2442
In base 10, what is -3 - 4982?
-4985
In base 3, what is 1 + 10120022010?
10120022011
In base 8, what is -77145 - 0?
-77145
In base 9, what is 527511 - -4?
527515
In base 13, what is 84051 + -2?
8404c
In base 7, what is -6 - 1310154?
-1310163
In base 10, what is -45524 + 2?
-45522
In base 14, what is 2 - 4639?
-4637
In base 12, what is -1b - 155?
-174
In base 11, what is 54a + -2167?
-1718
In base 9, what is 3886 - 13?
3873
In base 12, what is 46a + -28?
442
In base 16, what is -a - -805?
7fb
In base 5, what is -3133102 - 1?
-3133103
In base 15, what is -13e - 1746?
-1885
In base 10, what is -231485 + 3?
-231482
In base 4, what is -10 - -1211113?
1211103
In base 13, what is 9a70 + -3?
9a6a
In base 8, what is -12303320 - 0?
-12303320
In base 6, what is 2133 - -53?
2230
In base 8, what is -7 - 6023?
-6032
In base 5, what is 231324 + -431?
230343
In base 6, what is 0 + -24313401?
-24313401
In base 8, what is -750131 + 5?
-750124
In base 12, what is -2 + 457850?
45784a
In base 5, what is 403332 - 323?
403004
In base 9, what is 14 - 337036?
-337022
In base 6, what is 4 + 3141?
3145
In base 14, what is 33 + -1577?
-1544
In base 4, what is 113111 + -32311?
20200
In base 7, what is -5 - -32543?
32535
In base 14, what is 32 + -26330?
-262dc
In base 11, what is -1a - 38930?
-3894a
In base 14, what is 19 + 4277?
4292
In base 16, what is -15b + 97?
-c4
In base 13, what is 332a + -2?
3328
In base 7, what is 144 - -20234?
20411
In base 8, what is -136443 + -5?
-136450
In base 3, what is 1100111 - -2021021?
10121202
In base 16, what is -4c1 - -a1?
-420
In base 6, what is -14 - -24255?
24241
In base 7, what is 21516525 + -5?
21516520
In base 15, what is -dce - 127?
-1006
In base 12, what is 6657 - -18?
6673
In base 3, what is 120202202 - 12?
120202120
In base 6, what is 3 - -152342?
152345
In base 4, what is -232222 - -1220?
-231002
In base 5, what is -1134301323 - 10?
-1134301333
In base 7, what is -420325 + -4?
-420332
In base 11, what is 5 + -27170?
-27166
In base 2, what is -110001011010110 + -10?
-110001011011000
In base 10, what is -6019 - -5?
-6014
In base 9, what is -4 - 14011?
-14015
In base 16, what is 2 + 318?
31a
In base 15, what is -14a8 - 24?
-14cc
In base 9, what is 5 - -8770?
8775
In base 6, what is 12214 - 145?
12025
In base 7, what is 6 + -24066?
-24060
In base 2, what is -1100110010000 - -101?
-1100110001011
In base 4, what is 20 - -2211320?
2212000
In base 16, what is -2 - -126de?
126dc
In base 9, what is -16352 - -7?
-16344
In base 15, what is -65 - -3ca?
365
In base 3, what is -100111 - -211100?
110212
In base 15, what is 8b - -abe?
b5a
In base 6, what is 2051 + -2004?
43
In base 11, what is 3a8 - -81?
479
In base 8, what is 5 + 5374?
5401
In base 5, what is 112242204 - 4?
112242200
In base 10, what is -258720 - -2?
-258718
In base 14, what is 25 + 2044?
2069
In base 8, what is 0 + -4276?
-4276
In base 4, what is 10130 + 101?
10231
In base 4, what is 110002 + -12020?
31322
In base 14, what is -11309 - 2?
-1130b
In base 5, what is 132 + -100140?
-100003
In base 15, what is -2 + -627b?
-627d
In base 15, what is e3a20 - -1?
e3a21
In base 15, what is ac3e - 7?
ac37
In base 12, what is a4 - -127a?
1362
In base 13, what is 5 - 5487?
-5482
In base 15, what is 49 + -1662?
-1618
In base 7, what is 4633 - 35?
4565
In base 7, what is 4326225 - 5?
4326220
In base 12, what is 16 - -414?
42a
In base 8, what is -123 - -2522?
2377
In base 4, what is 0 - -1311223331?
1311223331
In base 2, what is 11110101 - 101000110?
-1010001
In base 15, what is 5 + 1072?
1077
In base 13, what is 37 + -8786?
-874c
In base 8, what is 4 - -103460?
103464
In base 15, what is b01 - 1a?
ad6
In base 12, what is 793 - -6?
799
In base 13, what is -22b19 + 15?
-22b04
In base 16, what is -1664 + 4?
-1660
In base 8, what is -3 - -4614?
4611
In base 11, what is 51932 - -41?
51973
In base 2, what is -111110111011 + -1001110?
-1000000001001
In base 8, what is -5 + -625056?
-625063
In base 3, what is -11 + 101010201?
101010120
In base 2, what is -101110101001110010 - 100?
-101110101001110110
In base 10, what is 49148 - -41?
49189
In base 13, what is 4 + -6040?
-6039
In base 10, what is -5 - -21416?
21411
In base 14, what is -3b73c - -2?
-3b73a
In base 11, what is 17a - -17?
196
In base 12, what is -3a3 + -1b3b?
-2322
In base 11, what is -1209 - 11?
-121a
In base 7, what is 0 - -3324462?
3324462
In base 3, what is 1201212020 - -11?
1201212101
In base 13, what is -386072 - 5?
-386077
In base 4, what is 101122 + -2010?
33112
In base 6, what is -2 - 1530101?
-1530103
In base 11, what is 29 - 3833?
-3805
In base 6, what is -2 - 3104115?
-3104121
In base 7, what is -5323 - 641?
-6264
In base 5, what is 12 + 22204320?
22204332
In base 8, what is -156 + -1?
-157
In base 15, what is b92 + -1?
b91
In base 14, what is 1881 - 12?
186d
In base 13, what is -23b8 + 35?
-2383
In base 15, what is -1473 - 68d?
-1b11
In base 4, what is -32310322032 + -11?
-32310322103
In base 14, what is -48ba + 3?
-48b7
In base 11, what is 9 + -23764?
-23756
In base 8, what is 7 + -106333?
-106324
In base 2, what is -10 + 1000011000?
1000010110
In base 4, what is 231302032 - -103?
231302201
In base 7, what is 35340 - 4?
35333
In base 5, what is 4 - -102201?
102210
In base 9, what is -2630 + 11?
-2618
In base 14, what is -d0 - -71c?
62c
In base 13, what is 5a154 - -3?
5a